{"id":2,"date":"2023-11-15T11:21:30","date_gmt":"2023-11-15T11:21:30","guid":{"rendered":"https:\/\/fam-gollnick.de\/?page_id=2"},"modified":"2023-11-23T17:04:14","modified_gmt":"2023-11-23T16:04:14","slug":"startseite","status":"publish","type":"page","link":"https:\/\/patrick.fam-gollnick.de\/","title":{"rendered":"\u00dcber mich"},"content":{"rendered":"\t\t<div data-elementor-type=\"wp-page\" data-elementor-id=\"2\" class=\"elementor elementor-2\">\n\t\t\t\t<div class=\"elementor-element elementor-element-bc6c45a e-con-full e-flex e-con e-parent\" data-id=\"bc6c45a\" data-element_type=\"container\" data-e-type=\"container\">\n\t\t\t\t<div class=\"elementor-element elementor-element-4842d20 elementor-view-stacked elementor-shape-circle elementor-widget elementor-widget-icon\" data-id=\"4842d20\" data-element_type=\"widget\" data-e-type=\"widget\" data-widget_type=\"icon.default\">\n\t\t\t\t<div class=\"elementor-widget-container\">\n\t\t\t\t\t\t\t<div class=\"elementor-icon-wrapper\">\n\t\t\t<div class=\"elementor-icon\">\n\t\t\t<svg aria-hidden=\"true\" class=\"e-font-icon-svg e-far-heart\" viewBox=\"0 0 512 512\" xmlns=\"http:\/\/www.w3.org\/2000\/svg\"><path d=\"M458.4 64.3C400.6 15.7 311.3 23 256 79.3 200.7 23 111.4 15.6 53.6 64.3-21.6 127.6-10.6 230.8 43 285.5l175.4 178.7c10 10.2 23.4 15.9 37.6 15.9 14.3 0 27.6-5.6 37.6-15.8L469 285.6c53.5-54.7 64.7-157.9-10.6-221.3zm-23.6 187.5L259.4 430.5c-2.4 2.4-4.4 2.4-6.8 0L77.2 251.8c-36.5-37.2-43.9-107.6 7.3-150.7 38.9-32.7 98.9-27.8 136.5 10.5l35 35.7 35-35.7c37.8-38.5 97.8-43.2 136.5-10.6 51.1 43.1 43.5 113.9 7.3 150.8z\"><\/path><\/svg>\t\t\t<\/div>\n\t\t<\/div>\n\t\t\t\t\t\t<\/div>\n\t\t\t\t<\/div>\n\t\t\t\t<\/div>\n\t\t<div class=\"elementor-element elementor-element-97a27d5 e-flex e-con-boxed e-con e-parent\" data-id=\"97a27d5\" data-element_type=\"container\" data-e-type=\"container\">\n\t\t\t\t\t<div class=\"e-con-inner\">\n\t\t\t\t<div class=\"elementor-element elementor-element-da4b6cb elementor-widget__width-initial elementor-widget elementor-widget-heading\" data-id=\"da4b6cb\" data-element_type=\"widget\" data-e-type=\"widget\" data-widget_type=\"heading.default\">\n\t\t\t\t<div class=\"elementor-widget-container\">\n\t\t\t\t\t<h2 class=\"elementor-heading-title elementor-size-default\"><font color=\"#36648b\"> Moin Moin!  <\/font> <br> Sch\u00f6n, dass du da bist! <\/h2>\t\t\t\t<\/div>\n\t\t\t\t<\/div>\n\t\t\t\t\t<\/div>\n\t\t\t\t<\/div>\n\t\t<div class=\"elementor-element elementor-element-863815d e-flex e-con-boxed e-con e-parent\" data-id=\"863815d\" data-element_type=\"container\" data-e-type=\"container\">\n\t\t\t\t\t<div class=\"e-con-inner\">\n\t\t\t\t<div class=\"elementor-element elementor-element-45bc2da elementor-widget-divider--view-line elementor-widget elementor-widget-divider\" data-id=\"45bc2da\" data-element_type=\"widget\" data-e-type=\"widget\" data-widget_type=\"divider.default\">\n\t\t\t\t<div class=\"elementor-widget-container\">\n\t\t\t\t\t\t\t<div class=\"elementor-divider\">\n\t\t\t<span class=\"elementor-divider-separator\">\n\t\t\t\t\t\t<\/span>\n\t\t<\/div>\n\t\t\t\t\t\t<\/div>\n\t\t\t\t<\/div>\n\t\t\t\t\t<\/div>\n\t\t\t\t<\/div>\n\t\t<div class=\"elementor-element elementor-element-a149d6e e-flex e-con-boxed e-con e-parent\" data-id=\"a149d6e\" data-element_type=\"container\" data-e-type=\"container\">\n\t\t\t\t\t<div class=\"e-con-inner\">\n\t\t\t\t<div class=\"elementor-element elementor-element-f272189 elementor-widget elementor-widget-heading\" data-id=\"f272189\" data-element_type=\"widget\" data-e-type=\"widget\" data-widget_type=\"heading.default\">\n\t\t\t\t<div class=\"elementor-widget-container\">\n\t\t\t\t\t<h2 class=\"elementor-heading-title elementor-size-default\">Ich bin <font color=\"#36648b\"> Patrick. <\/font><\/h2>\t\t\t\t<\/div>\n\t\t\t\t<\/div>\n\t\t\t\t\t<\/div>\n\t\t\t\t<\/div>\n\t\t<div class=\"elementor-element elementor-element-dd9075b e-flex e-con-boxed e-con e-parent\" data-id=\"dd9075b\" data-element_type=\"container\" data-e-type=\"container\">\n\t\t\t\t\t<div class=\"e-con-inner\">\n\t\t<div class=\"elementor-element elementor-element-79a666c e-con-full e-flex e-con e-child\" data-id=\"79a666c\" data-element_type=\"container\" data-e-type=\"container\">\n\t\t\t\t<div class=\"elementor-element elementor-element-35dc893 elementor-widget__width-initial elementor-widget elementor-widget-image\" data-id=\"35dc893\" data-element_type=\"widget\" data-e-type=\"widget\" data-widget_type=\"image.default\">\n\t\t\t\t<div class=\"elementor-widget-container\">\n\t\t\t\t\t\t\t\t\t\t\t\t\t\t\t<img fetchpriority=\"high\" decoding=\"async\" width=\"682\" height=\"1024\" src=\"https:\/\/patrick.fam-gollnick.de\/wp-content\/uploads\/2023\/11\/IMG_1244-682x1024.jpg\" class=\"attachment-large size-large wp-image-20\" alt=\"\" srcset=\"https:\/\/patrick.fam-gollnick.de\/wp-content\/uploads\/2023\/11\/IMG_1244-682x1024.jpg 682w, https:\/\/patrick.fam-gollnick.de\/wp-content\/uploads\/2023\/11\/IMG_1244-200x300.jpg 200w, https:\/\/patrick.fam-gollnick.de\/wp-content\/uploads\/2023\/11\/IMG_1244-768x1153.jpg 768w, https:\/\/patrick.fam-gollnick.de\/wp-content\/uploads\/2023\/11\/IMG_1244-1023x1536.jpg 1023w, https:\/\/patrick.fam-gollnick.de\/wp-content\/uploads\/2023\/11\/IMG_1244-1364x2048.jpg 1364w, https:\/\/patrick.fam-gollnick.de\/wp-content\/uploads\/2023\/11\/IMG_1244-788x1183.jpg 788w, https:\/\/patrick.fam-gollnick.de\/wp-content\/uploads\/2023\/11\/IMG_1244-scaled.jpg 1705w\" sizes=\"(max-width: 682px) 100vw, 682px\" \/>\t\t\t\t\t\t\t\t\t\t\t\t\t\t\t<\/div>\n\t\t\t\t<\/div>\n\t\t\t\t<\/div>\n\t\t<div class=\"elementor-element elementor-element-0f123d5 e-con-full e-flex e-con e-child\" data-id=\"0f123d5\" data-element_type=\"container\" data-e-type=\"container\">\n\t\t\t\t<div class=\"elementor-element elementor-element-f685e3e elementor-widget__width-initial elementor-widget elementor-widget-text-editor\" data-id=\"f685e3e\" data-element_type=\"widget\" data-e-type=\"widget\" data-widget_type=\"text-editor.default\">\n\t\t\t\t<div class=\"elementor-widget-container\">\n\t\t\t\t\t\t\t\t\t<blockquote><p><span style=\"color: #303030;\">&#8222;Mich begeistern digitale Themen, ich liebe die Stadt Hamburg &amp; guten Kaffee!&#8220;<\/span><\/p><\/blockquote>\t\t\t\t\t\t\t\t<\/div>\n\t\t\t\t<\/div>\n\t\t\t\t<\/div>\n\t\t\t\t\t<\/div>\n\t\t\t\t<\/div>\n\t\t<div class=\"elementor-element elementor-element-825635d e-flex e-con-boxed e-con e-parent\" data-id=\"825635d\" data-element_type=\"container\" data-e-type=\"container\">\n\t\t\t\t\t<div class=\"e-con-inner\">\n\t\t\t\t<div class=\"elementor-element elementor-element-c4ac8db elementor-widget-divider--view-line elementor-widget elementor-widget-divider\" data-id=\"c4ac8db\" data-element_type=\"widget\" data-e-type=\"widget\" data-widget_type=\"divider.default\">\n\t\t\t\t<div class=\"elementor-widget-container\">\n\t\t\t\t\t\t\t<div class=\"elementor-divider\">\n\t\t\t<span class=\"elementor-divider-separator\">\n\t\t\t\t\t\t<\/span>\n\t\t<\/div>\n\t\t\t\t\t\t<\/div>\n\t\t\t\t<\/div>\n\t\t\t\t\t<\/div>\n\t\t\t\t<\/div>\n\t\t<div class=\"elementor-element elementor-element-535f3a64 e-flex e-con-boxed e-con e-parent\" data-id=\"535f3a64\" data-element_type=\"container\" data-e-type=\"container\">\n\t\t\t\t\t<div class=\"e-con-inner\">\n\t\t\t\t<div class=\"elementor-element elementor-element-4a218d5a elementor-widget elementor-widget-text-editor\" data-id=\"4a218d5a\" data-element_type=\"widget\" data-e-type=\"widget\" data-widget_type=\"text-editor.default\">\n\t\t\t\t<div class=\"elementor-widget-container\">\n\t\t\t\t\t\t\t\t\t<h2 style=\"text-align: left;\">\u00dcber Mich<\/h2><p>Ich bin ein sehr offener und kommunikativer Mensch, der es liebt Herausforderungen anzunehmen und zu bew\u00e4ltigen. Entschlossenheit, Durchhalteverm\u00f6gen, Selbstst\u00e4ndigkeit &amp; Flexibilit\u00e4t sind Eigenschaften, die mich auszeichnen. In Hamburg geboren, in Schleswig Holstein aufgewachsen &amp; wasserliebend. Zum Auftanken und Energie sch\u00f6pfen, geht es an die Nord- oder Ostseek\u00fcste &#8211; Urlaub findet auf dem Kreuzfahrtschiff statt. Meinen Ausgleich zum Arbeitsalltag finde ich auf dem Tennisplatz. Als Tenniscoach arbeite ich aktiv mit Menschen &amp; bin an ihrer sportlichen sowie pers\u00f6nlichen Entwicklung beteiligt. Stehe ich selbst auf dem Tennisplatz, bin ich immer hoch motiviert &amp; voller Ehrgeiz, jeden Punkt zu erspielen, um das Match zu gewinnen!<\/p>\t\t\t\t\t\t\t\t<\/div>\n\t\t\t\t<\/div>\n\t\t\t\t\t<\/div>\n\t\t\t\t<\/div>\n\t\t\t\t<\/div>\n\t\t","protected":false},"excerpt":{"rendered":"<p>Moin Moin! Sch\u00f6n, dass du da bist! Ich bin Patrick. &#8222;Mich begeistern digitale Themen, ich liebe die Stadt Hamburg &amp; guten Kaffee!&#8220; \u00dcber Mich Ich bin ein sehr offener und kommunikativer Mensch, der es liebt<span class=\"more-dots\">&#8230;<\/span><\/p>\n","protected":false},"author":1,"featured_media":0,"parent":0,"menu_order":1,"comment_status":"closed","ping_status":"closed","template":"","meta":{"footnotes":""},"class_list":["post-2","page","type-page","status-publish","hentry","no-post-thumbnail"],"_links":{"self":[{"href":"https:\/\/patrick.fam-gollnick.de\/index.php\/wp-json\/wp\/v2\/pages\/2","targetHints":{"allow":["GET"]}}],"collection":[{"href":"https:\/\/patrick.fam-gollnick.de\/index.php\/wp-json\/wp\/v2\/pages"}],"about":[{"href":"https:\/\/patrick.fam-gollnick.de\/index.php\/wp-json\/wp\/v2\/types\/page"}],"author":[{"embeddable":true,"href":"https:\/\/patrick.fam-gollnick.de\/index.php\/wp-json\/wp\/v2\/users\/1"}],"replies":[{"embeddable":true,"href":"https:\/\/patrick.fam-gollnick.de\/index.php\/wp-json\/wp\/v2\/comments?post=2"}],"version-history":[{"count":148,"href":"https:\/\/patrick.fam-gollnick.de\/index.php\/wp-json\/wp\/v2\/pages\/2\/revisions"}],"predecessor-version":[{"id":401,"href":"https:\/\/patrick.fam-gollnick.de\/index.php\/wp-json\/wp\/v2\/pages\/2\/revisions\/401"}],"wp:attachment":[{"href":"https:\/\/patrick.fam-gollnick.de\/index.php\/wp-json\/wp\/v2\/media?parent=2"}],"curies":[{"name":"wp","href":"https:\/\/api.w.org\/{rel}","templated":true}]}}